ts digit of 386?
6
What is the tens digit of 5947?
4
What is the tens digit of 861?
6
What is the tens digit of 10350?
5
What is the units digit of 12459?
9
What is the ten thousands digit of 91563?
9
What is the tens digit of 2715?
1
What is the thousands digit of 1119?
1
What is the units digit of 654?
4
What is the hundreds digit of 763?
7
What is the tens digit of 1799?
9
What is the units digit of 602?
2
What is the tens digit of 14332?
3
What is the ten thousands digit of 80456?
8
What is the units digit of 18598?
8
What is the hundreds digit of 6060?
0
What is the units digit of 774?
4
What is the units digit of 79025?
5
What is the hundreds digit of 58867?
8
What is the units digit of 11220?
0
What is the hundreds digit of 937?
9
What is the units digit of 809?
9
What is the units digit of 1237?
7
What is the thousands digit of 1219?
1
What is the thousands digit of 29392?
9
What is the units digit of 10264?
4
What is the hundreds digit of 1637?
6
What is the units digit of 37733?
3
What is the tens digit of 92124?
2
What is the hundreds digit of 74245?
2
What is the hundreds digit of 2324?
3
What is the thousands digit of 3653?
3
What is the tens digit of 14095?
9
What is the hundreds digit of 5536?
5
What is the units digit of 396?
6
What is the tens digit of 5008?
0
What is the thousands digit of 36385?
6
What is the tens digit of 19304?
0
What is the units digit of 610?
0
What is the hundreds digit of 58657?
6
What is the tens digit of 5656?
5
What is the thousands digit of 6722?
6
What is the hundreds digit of 843?
8
What is the units digit of 9593?
3
What is the ten thousands digit of 20006?
2
What is the tens digit of 583?
8
What is the tens digit of 10180?
8
What is the hundreds digit of 2381?
3
What is the hundreds digit of 22666?
6
What is the hundreds digit of 2262?
2
What is the units digit of 5430?
0
What is the units digit of 33188?
8
What is the thousands digit of 17890?
7
What is the units digit of 1109?
9
What is the hundreds digit of 912?
9
What is the units digit of 5611?
1
What is the ten thousands digit of 21597?
2
What is the hundreds digit of 175?
1
What is the units digit of 10916?
6
What is the tens digit of 10393?
9
What is the units digit of 1086?
6
What is the thousands digit of 117355?
7
What is the units digit of 8884?
4
What is the tens digit of 114286?
8
What is the hundreds digit of 1597?
5
What is the tens digit of 6870?
7
What is the units digit of 653?
3
What is the thousands digit of 42419?
2
What is the hundreds digit of 35227?
2
What is the hundreds digit of 27268?
2
What is the thousands digit of 4262?
4
What is the tens digit of 6362?
6
What is the tens digit of 4546?
4
What is the hundreds digit of 85430?
4
What is the units digit of 61944?
4
What is the thousands digit of 1351?
1
What is the tens digit of 5675?
7
What is the hundreds digit of 179352?
3
What is the thousands digit of 48286?
8
What is the thousands digit of 63895?
3
What is the ten thousands digit of 130165?
3
What is the thousands digit of 2762?
2
What is the units digit of 6914?
4
What is the units digit of 999?
9
What is the thousands digit of 9119?
9
What is the hundreds digit of 442?
4
What is the units digit of 17772?
2
What is the ten thousands digit of 33992?
3
What is the units digit of 325?
5
What is the thousands digit of 4547?
4
What is the tens digit of 3100?
0
What is the units digit of 471?
1
What is the hundreds digit of 583?
5
What is the tens digit of 10075?
7
What is the thousands digit of 36452?
6
What is the tens digit of 481?
8
What is the tens digit of 373?
7
What is the units digit of 642?
2
What is the units digit of 407?
7
What is the hundreds digit of 4522?
5
What is the units digit of 74985?
5
What is the hundreds digit of 412?
4
What is the hundreds digit of 14864?
8
What is the hundreds digit of 4584?
5
What is the tens digit of 130211?
1
What is the tens digit of 1967?
6
What is the thousands digit of 3446?
3
What is the ten thousands digit of 13997?
1
What is the ten thousands digit of 121143?
2
What is the units digit of 1040?
0
What is the thousands digit of 2477?
2
What is the thousands digit of 41155?
1
What is the thousands digit of 27045?
7
What is the thousands digit of 93518?
3
What is the units digit of 249?
9
What is the hundreds digit of 63617?
6
What is the hundreds digit of 2200?
2
What is the tens digit of 1509?
0
What is the tens digit of 4015?
1
What is the hundreds digit of 5034?
0
What is the thousands digit of 10664?
0
What is the ten thousands digit of 77410?
7
What is the ten thousands digit of 17246?
1
What is the hundreds digit of 1042?
0
What is the tens digit of 5960?
6
What is the units digit of 533?
3
What is the hundreds digit of 3346?
3
What is the hundred thousands digit of 182002?
1
What is the units digit of 7771?
1
What is the thousands digit of 4015?
4
What is the thousands digit of 39988?
9
What is the thousands digit of 4841?
4
What is the ten thousands digit of 10073?
1
What is the ten thousands digit of 50149?
5
What is the tens digit of 653?
5
What is the thousands digit of 6072?
6
What is the thousands digit of 2755?
2
What is the units digit of 5719?
9
What is the hundreds digit of 28765?
7
What is the units digit of 7791?
1
What is the tens digit of 234?
3
What is the units digit of 12045?
5
What is the hundreds digit of 2521?
5
What is the thousands digit of 7021?
7
What is the tens digit of 3637?
3
What is the thousands digit of 12545?
2
What is the tens digit of 3884?
8
What is the hundreds digit of 20784?
7
What is the thousands digit of 9051?
9
What is the hundreds digit of 4862?
8
What is the tens digit of 377?
7
What is the units digit of 33087?
7
What is the thousands digit of 101146?
1
What is the hundreds digit of 775?
7
What is the units digit of 43276?
6
What is the tens digit of 1905?
0
What is the tens digit of 1174?
7
What is the tens digit of 143647?
4
What is the units digit of 2505?
5
What is the units digit of 15068?
8
What is the units digit of 400?
0
What is the thousands digit of 2541?
2
What is the tens digit of 6436?
3
What is the tens digit of 937?
3
What is the tens digit of 135993?
9
What is the units digit of 349?
9
What is the tens digit of 435?
3
What is the units digit of 8632?
2
What is the tens digit of 496?
9
What is the units digit of 162?
2
What is the units digit of 4982?
2
What is the thousands digit of 29413?
9
What is the tens digit of 4714?
1
What is the units digit of 245?
5
What is the thousands digit of 23694?
3
What is the thousands digit of 2765?
2
What is the hundreds digit of 706?
7
What is the units digit of 997?
7
What is the hundreds digit of 7866?
8
What is the tens digit of 78250?
5
What is the thousands digit of 1330?
1
What is the ten thousands digit of 145165?
4
What is the hundreds digit of 66781?
7
What is the units digit of 8256?
6
What is the ten thousands digit of 42936?
4
What is the ten thousands digit of 27866?
2
What is the thousands digit of 15114?
5
What is the thousands digit of 2577?
2
What is the thousands digit of 2566?
2
What is the tens digit of 46915?
1
What is the units digit of 288?
8
What is the units digit of 789?
9
What is the ten thousands digit of 77225?
7
What is the hundreds digit of 474?
4
What is the tens digit of 120840?
4
What is the hundreds digit of 6445?
4
What is the thousands digit of 4457?
4
What is the units digit of 116?
6
What is the units digit of 51334?
4
What is the hundred thousands digit of 184779?
1
What is the thousands digit of 1907?
1
What is the hundreds digit of 901?
9
What is the thousands digit of 11553?
1
What is the hundreds digit of 1915?
9
What is the units digit of 778?
8
What is the ten thousands digit of 103093?
0
What is the tens digit of 64694?
9
What is the hundreds digit of 5191?
1
What is the units digit of 4479?
9
What is the tens digit of 6379?
7
What is the hundreds digit of 9519?
5
What is the units digit of 60081?
1
What is the tens digit of 41157?
5
What is the hundreds digit of 370?
3
What is the thousands digit of 4682?
4
What is the tens digit of 2813?
1
What is the hundreds digit of 22805?
8
What is the thousands digit of 4955?
4
What is the tens digit of 3681?
8
What is the hundreds digit of 774?
7
What is the thousands d